{"id":5318,"date":"2022-02-22T10:53:33","date_gmt":"2022-02-22T09:53:33","guid":{"rendered":"https:\/\/www.ffw-heubach.de\/?page_id=5318"},"modified":"2022-02-22T11:09:10","modified_gmt":"2022-02-22T10:09:10","slug":"faq-3","status":"publish","type":"page","link":"https:\/\/www.ffw-heubach.de\/?page_id=5318","title":{"rendered":"FAQ"},"content":{"rendered":"\n<p>Wir haben die am h\u00e4ufigsten gestellten Fragen hier f\u00fcr Sie beantwortet.<\/p>\n\n\n\n<p><strong>\u21d2 Nachts mit Martinshorn ! \u2013 Muss das sein??<\/strong><\/p>\n\n\n\n<p>Durch die beiden Paragraphen aus der StVO wird klar: Die Feuerwehr ist gesetzlich verpflichtet, Blaulicht und Martinshorn zugleich einzusetzen, wenn sie das Wegerecht in Anspruch nehmen will. Ein Fahrer eines Einsatzfahrzeuges handelt somit fahrl\u00e4ssig, wenn er bei einer Fahrt mit Blaulicht kein Martinshorn verwendet.<\/p>\n\n\n\n<p>Ja, Blaulicht und Martinshorn m\u00fcssen sein! Bitte haben Sie daf\u00fcr Verst\u00e4ndnis. Vielen Dank!<\/p>\n\n\n\n<p><strong>\u21d2 Ist das Ger\u00e4tehaus st\u00e4ndig besetzt?<\/strong><\/p>\n\n\n\n<p>Nein. Sobald ein Mitglied der Freiwilligen Feuerwehr \u00fcber DME von einem Einsatz erf\u00e4hrt, macht es sich unverz\u00fcglich auf den Weg ins Ger\u00e4tehaus.<\/p>\n\n\n\n<p><strong>\u21d2 Ist die Feuerwehr ein Verein?\u00a0<\/strong><\/p>\n\n\n\n<p>Die Freiwillige Feuerwehr Heubach ist eine der Stadt Heubach zugeh\u00f6rige \u00f6ffentliche Einrichtung. Die Stadt Heubach ist eine K\u00f6rperschaft des \u00f6ffentlichen Rechts. Sie wird vertreten durch den B\u00fcrgermeister Dr. Joy Alemazung. Der B\u00fcrgermeister ist Dienstherr des Leiters der Feuerwehr.<\/p>\n\n\n\n<p><strong>\u21d2 Was passiert wenn ich die Feuerwehr rufe?\u00a0<\/strong><\/p>\n\n\n\n<p>Ihr Notruf wird in der zust\u00e4ndigen Leitstelle (bei uns ist dies die Integrierte Regionalleitstelle Ostw\u00fcrttemberg) entgegengenommen. Der Disponent der Leitstelle alarmiert daraufhin die laut Ausr\u00fcckeordnung zust\u00e4ndige Feuerwehr. Nach der Alarmierung durch die Leitstelle kommt der Feuerwehrangeh\u00f6rige von Zuhause, aus dem Bett, von der Arbeit oder auch vom Einkaufen und muss sich erst so schnell es geht ins Ger\u00e4tehaus begeben. Vom Ger\u00e4tehaus wird dann gemeinsam mit Feuerwehrfahrzeugen die Einsatzstelle angefahren. <\/p>\n\n\n\n<p><strong>\u21d2 Muss der Anrufer den Einsatz bezahlen?<\/strong><\/p>\n\n\n\n<p>Menschenrettungen sind immer kostenfrei. Brandeins\u00e4tze sind kostenfrei, es sei denn der vors\u00e4tzliche Brandstifter wird ermittelt. Hilfeleistungen wie z.B. Keller auspumpen oder das Abs\u00e4gen sturmgesch\u00e4digter B\u00e4ume und \u00c4ste sind kostenpflichtig. Diese werden jedoch in der Regel, bei entsprechendem Versicherungsschutz, von den Versicherungen \u00fcbernommen.<\/p>\n\n\n\n<p><strong>\u21d2 Wie viele Mitglieder sind in den Einsatzabteilungen der Heubacher Feuerwehr aktiv?\u00a0<\/strong><\/p>\n\n\n\n<p>Rund 85 Feuerwehrfrauen und -m\u00e4nnern engagieren sich neben Beruf und Familie in den Einsatzabteilungen der Heubacher Feuerwehr f\u00fcr die Sicherheit der Bev\u00f6lkerung.<\/p>\n\n\n\n<p><strong>\u21d2 Wer leitet die Feuerwehr?\u00a0<\/strong><\/p>\n\n\n\n<p>Leitender Hauptbrandmeister &amp; Feuerwehrkommandant Heinz Pfisterer leitet die Feuerwehr in G\u00e4nze. Seit 2021 ist Stephan Kuhn Abteilungskommandant in Heubach und R\u00fcdiger M\u00e4ding sein Stellvertreter. Die Abteilungsf\u00fchrung in Lautern besteht aus Christian Kerlein und seinem Stellvertreter Ralph Gruber. <\/p>\n\n\n\n<p><strong>\u21d2 Welche Gefahrenschwerpunkte ergeben sich?\u00a0<\/strong><\/p>\n\n\n\n<p>Das Einsatzgebiet mit den verschiedensten Gefahrenschwerpunkten umfasst die komplette Stadt mit Seniorenheimen, Schulzentren, Hochh\u00e4usern, Industriebetrieben, gro\u00dfen Waldgebieten sowie einem Verkehrslandeplatz.\u00a0<\/p>\n\n\n\n<p><strong>\u21d2 Was erwartet mich als aktives Mitglied?\u00a0<\/strong><\/p>\n\n\n\n<p>Es erwartet Sie ein motiviertes Team, modernste Technik und umfangreiche Aus- und Fortbildungsm\u00f6glichkeiten, um bestens die spannenden und abwechslungsreichen Aufgaben bew\u00e4ltigen zu k\u00f6nnen.<\/p>\n\n\n\n<p><strong>\u21d2\u00a0 Wie kann ich Mitglied der Einsatzabteilung werden?<\/strong><\/p>\n\n\n\n<p>Die Aufnahme bei der Freiwilligen Feuerwehr ist an folgende Voraussetzungen gekn\u00fcpft. Sie m\u00fcssen:<\/p>\n\n\n\n<ul class=\"wp-block-list\"><li>mindestens 17 Jahre alt sein (wenn Sie j\u00fcnger sind, k\u00f6nnen Sie in einer Jugendfeuerwehr mitarbeiten),<\/li><li>\u00fcber eine gute k\u00f6rperliche und geistige Konstitution verf\u00fcgen,<\/li><li>sich zu einer l\u00e4ngeren Dienstzeit bereit erkl\u00e4ren und<\/li><li>d\u00fcrfen nicht gegen bestimmte Straftatbest\u00e4nde des Strafgesetzbuches (z.B. Brandstiftung) versto\u00dfen haben.<\/li><\/ul>\n\n\n\n<p>Um in die Freiwillige Feuerwehr aufgenommen zu werden, nehmen Sie Kontakt mit der Feuerwehr Heubach auf. Die Anschrift finden Sie unter&nbsp;<a href=\"https:\/\/www.ffw-heubach.de\/kontakt-2\">Kontakt<\/a>.<\/p>\n\n\n\n<p>Wenn Sie in die Feuerwehr aufgenommen werden, erhalten Sie eine fundierte Grundausbildung. Danach sollten Sie an den regelm\u00e4\u00dfigen Ausbildungsveranstaltungen teilnehmen. Je nach Eignung und pers\u00f6nlichen W\u00fcnschen k\u00f6nnen Sie auch zus\u00e4tzliche Lehrg\u00e4nge besuchen.<\/p>\n\n\n\n<p><strong>Hinweis:<\/strong>&nbsp;Die Aufnahme erfolgt f\u00fcr die ersten 12 Monate auf Probe.<\/p>\n\n\n\n<p><strong>\u21d2\u00a0 Wird man bei der Freiwilligen Feuerwehr bezahlt?<\/strong><\/p>\n\n\n\n<p>Wie der Name schon sagt handelt es ich um eine Freiwillige Feuerwehr, das hei\u00dft, dass die Mitglieder ihre Arbeit Ehrenamtlich verrichten. Ein Gehalt bekommt ein Feuerwehrmann f\u00fcr Eins\u00e4tze und \u00dcbungen daher keines. Allerdings gibt es eine Aufwandsentsch\u00e4digung pro Einsatzstunde \/ \u00dcbungsstunde.<\/p>\n\n\n\n<p><strong>\u21d2\u00a0 Warum gibt es so viele unterschiedliche Feuerwehrfahrzeuge?<\/strong><\/p>\n\n\n\n<p>Fr\u00fcher war die Feuerwehr \u00fcberwiegend mit dem L\u00f6schen von Br\u00e4nden besch\u00e4ftigt. Doch im Laufe der Zeit haben sich das Bet\u00e4tigungsfeld und die Zust\u00e4ndigkeit der Feuerwehr stark erweitert. Die Freiwillige Feuerwehr Heubach ist als sogenannte St\u00fctzpunktwehr aber nicht nur f\u00fcr die Sicherheit in Heubach und Lautern, sondern auch f\u00fcr die umliegenden Gemeinden in der Verwaltungsgemeinschaft Rosenstein wie in B\u00f6bingen, M\u00f6gglingen, Bartholom\u00e4 und Heuchlingen zust\u00e4ndig. Durch die stationierten Sonderfahrzeuge wie <a href=\"https:\/\/www.ffw-heubach.de\/?p=1200\" data-type=\"post\" data-id=\"1200\">Einsatzleitwagen 1<\/a>, <a href=\"https:\/\/www.ffw-heubach.de\/?p=4995\" data-type=\"post\" data-id=\"4995\">Tankl\u00f6schfahrzeug<\/a>, <a href=\"https:\/\/www.ffw-heubach.de\/?p=1216\" data-type=\"post\" data-id=\"1216\">Schlauchwagen 1000<\/a> und der <a href=\"https:\/\/www.ffw-heubach.de\/?p=1207\" data-type=\"post\" data-id=\"1207\">Drehleiter 23\/12<\/a> sind die Einsatzabteilungen auch immer zur \u00dcberlandhilfe in der Region gefordert.<\/p>\n\n\n\n<p>Weitere Fragen? Unsere F\u00fchrungskr\u00e4fte und Funktionstr\u00e4ger freuen sich via Mail an info@feuerwehr-heubach.de auf Ihre Nachricht.<\/p>\n","protected":false},"excerpt":{"rendered":"<p>Wir haben die am h\u00e4ufigsten gestellten Fragen hier f\u00fcr Sie beantwortet. \u21d2 Nachts mit Martinshorn ! \u2013 Muss das sein?? Durch die beiden Paragraphen aus der StVO wird klar: Die Feuerwehr ist gesetzlich verpflichtet, Blaulicht und Martinshorn zugleich einzusetzen, wenn sie das Wegerecht in Anspruch nehmen will. Ein Fahrer eines Einsatzfahrzeuges handelt somit fahrl\u00e4ssig, wenn [&hellip;]<\/p>\n","protected":false},"author":1,"featured_media":0,"parent":0,"menu_order":0,"comment_status":"closed","ping_status":"closed","template":"","meta":{"jetpack_post_was_ever_published":false,"footnotes":""},"class_list":["post-5318","page","type-page","status-publish","hentry"],"jetpack_sharing_enabled":true,"jetpack_shortlink":"https:\/\/wp.me\/P9MGZH-1nM","_links":{"self":[{"href":"https:\/\/www.ffw-heubach.de\/index.php?rest_route=\/wp\/v2\/pages\/5318","targetHints":{"allow":["GET"]}}],"collection":[{"href":"https:\/\/www.ffw-heubach.de\/index.php?rest_route=\/wp\/v2\/pages"}],"about":[{"href":"https:\/\/www.ffw-heubach.de\/index.php?rest_route=\/wp\/v2\/types\/page"}],"author":[{"embeddable":true,"href":"https:\/\/www.ffw-heubach.de\/index.php?rest_route=\/wp\/v2\/users\/1"}],"replies":[{"embeddable":true,"href":"https:\/\/www.ffw-heubach.de\/index.php?rest_route=%2Fwp%2Fv2%2Fcomments&post=5318"}],"version-history":[{"count":4,"href":"https:\/\/www.ffw-heubach.de\/index.php?rest_route=\/wp\/v2\/pages\/5318\/revisions"}],"predecessor-version":[{"id":5325,"href":"https:\/\/www.ffw-heubach.de\/index.php?rest_route=\/wp\/v2\/pages\/5318\/revisions\/5325"}],"wp:attachment":[{"href":"https:\/\/www.ffw-heubach.de\/index.php?rest_route=%2Fwp%2Fv2%2Fmedia&parent=5318"}],"curies":[{"name":"wp","href":"https:\/\/api.w.org\/{rel}","templated":true}]}}