{"id":3842,"date":"2020-10-07T09:28:24","date_gmt":"2020-10-07T07:28:24","guid":{"rendered":"https:\/\/www.ffw-heubach.de\/?page_id=3842"},"modified":"2024-11-14T20:23:31","modified_gmt":"2024-11-14T19:23:31","slug":"faq-2","status":"publish","type":"page","link":"https:\/\/www.ffw-heubach.de\/?page_id=3842","title":{"rendered":"FAQ"},"content":{"rendered":"\n<p>Ihr Kind m\u00f6chte zur Kinderfeuerwehr aber Sie haben noch einige Fragen? Kein Problem! Wir haben die von Eltern am h\u00e4ufigsten gestellten Fragen hier f\u00fcr Sie beantwortet. <\/p>\n\n\n\n<p><strong>\u21d2 Wie alt muss mein Kind sein?&nbsp;<\/strong><\/p>\n\n\n\n<p>Die Kinderfeuerwehr richtet sich an Kinder im Alter von sechs bis zehn Jahren. Kinder ab dem zehnten Lebensjahr k\u00f6nnen in unsere Jugend\u00adfeuerwehr wechseln.<\/p>\n\n\n\n<p><strong>\u21d2 Wie kann mein Kind am Besten mitmachen?&nbsp;<\/strong><\/p>\n\n\n\n<p>Am besten Sie kommen zusammen mit ihrem Kind zu einer unserer \u00dcbungen. Eventuelle Fragen kann Ihnen dann das Betreuerteam beantworten. Ihr Kind kann sich an diesem Tag alles in aller Ruhe anschauen und auch gerne mitmachen. Auf Wunsch wird anschlie\u00dfend der Aufnahmeantrag ausgeh\u00e4ndigt, so dass Sie Ihr Kind offiziell anmelden k\u00f6nnen.<\/p>\n\n\n\n<p><strong>\u21d2 Was sind \u00dcbungen?<\/strong><\/p>\n\n\n\n<p>Im Rahmen unserer Gruppenstunden wollen wir den Kindern das Prinzip der Hilfe f\u00fcr den N\u00e4chsten sowie der Gruppen- und Teamf\u00e4higkeit vermitteln. Dabei spielen wir viel und basteln oft. Gemeinsame Ausfl\u00fcge stehen ebenso auf dem Dienstplan wie die Brandschutzerziehung. <\/p>\n\n\n\n<p><strong>\u21d2 Wer leitet die Kinderfeuerwehr?<\/strong><\/p>\n\n\n\n<p>Die Kinderfeuerwehr ist eine Abteilung der Jugendfeuerwehr und wird vom Jugendwart geleitet.<br>Der Jugendwart, sein Vertreter und die meisten Betreuer haben die Ausbildung zum \u201eJugendgruppenleiter\u201c abgeschlossen. Tr\u00e4ger dieses Lehrgangs weisen Kenntnisse \u00fcber Gruppenp\u00e4dagogik, Aufsichtspflicht, Lebenswelten von Kindern und Jugendlichen, Methoden und viele anderen Themenbereichen auf.<\/p>\n\n\n\n<p><strong>\u21d2&nbsp; Ist mein Kind versichert?<\/strong><\/p>\n\n\n\n<p>Keine Angst. Ihr Kind ist w\u00e4hrend der Zeit bei der Kinderfeuerwehr sowie auf dem Weg von und zur \u00dcbung versichert.<\/p>\n\n\n\n<p><strong>\u21d2&nbsp; Was muss mein Kind zur \u00dcbungsstunde mitbringen?<\/strong><\/p>\n\n\n\n<p>Achten Sie unbedingt  auf wetterangepasste Kleidung und festes Schuhwerk. <\/p>\n\n\n\n<p><strong>\u21d2&nbsp;Wo finden \u00dcbungen statt?<\/strong><\/p>\n\n\n\n<p>Treffpunkt f\u00fcr \u00dcbungen ist im Feuerwehrger\u00e4tehaus Heubach in der B\u00f6binger Stra\u00dfe. <\/p>\n\n\n\n<p> <strong>\u21d2&nbsp;Mein Kind ist krank oder verhindert?<\/strong><\/p>\n\n\n\n<p>Wenn Ihr Kind nicht am Termin teilnehmen kann, ist es f\u00fcr uns dringend notwendig, dass Sie ihr Kind bitte rechtzeitig bis <strong>Donnerstag<\/strong> in der jeweiligen \u00dcbungswoche abmelden. <\/p>\n\n\n\n<p><strong>\u21d2 Und was kostet das alles?&nbsp;<\/strong><\/p>\n\n\n\n<p>Die Mitgliedschaft in der Kinderfeuerwehr kostet nichts! Was Ihr Kind aber lernen kann und die Erfahrungen, die es sammelt, sind unbezahlbar!<\/p>\n","protected":false},"excerpt":{"rendered":"<p>Ihr Kind m\u00f6chte zur Kinderfeuerwehr aber Sie haben noch einige Fragen? Kein Problem! Wir haben die von Eltern am h\u00e4ufigsten gestellten Fragen hier f\u00fcr Sie beantwortet. \u21d2 Wie alt muss mein Kind sein?&nbsp; Die Kinderfeuerwehr richtet sich an Kinder im Alter von sechs bis zehn Jahren. Kinder ab dem zehnten Lebensjahr k\u00f6nnen in unsere Jugend\u00adfeuerwehr [&hellip;]<\/p>\n","protected":false},"author":1,"featured_media":0,"parent":0,"menu_order":0,"comment_status":"closed","ping_status":"closed","template":"","meta":{"jetpack_post_was_ever_published":false,"footnotes":""},"class_list":["post-3842","page","type-page","status-publish","hentry"],"jetpack_sharing_enabled":true,"jetpack_shortlink":"https:\/\/wp.me\/P9MGZH-ZY","_links":{"self":[{"href":"https:\/\/www.ffw-heubach.de\/index.php?rest_route=\/wp\/v2\/pages\/3842","targetHints":{"allow":["GET"]}}],"collection":[{"href":"https:\/\/www.ffw-heubach.de\/index.php?rest_route=\/wp\/v2\/pages"}],"about":[{"href":"https:\/\/www.ffw-heubach.de\/index.php?rest_route=\/wp\/v2\/types\/page"}],"author":[{"embeddable":true,"href":"https:\/\/www.ffw-heubach.de\/index.php?rest_route=\/wp\/v2\/users\/1"}],"replies":[{"embeddable":true,"href":"https:\/\/www.ffw-heubach.de\/index.php?rest_route=%2Fwp%2Fv2%2Fcomments&post=3842"}],"version-history":[{"count":13,"href":"https:\/\/www.ffw-heubach.de\/index.php?rest_route=\/wp\/v2\/pages\/3842\/revisions"}],"predecessor-version":[{"id":6753,"href":"https:\/\/www.ffw-heubach.de\/index.php?rest_route=\/wp\/v2\/pages\/3842\/revisions\/6753"}],"wp:attachment":[{"href":"https:\/\/www.ffw-heubach.de\/index.php?rest_route=%2Fwp%2Fv2%2Fmedia&parent=3842"}],"curies":[{"name":"wp","href":"https:\/\/api.w.org\/{rel}","templated":true}]}}