{"id":1724,"date":"2018-03-09T13:24:21","date_gmt":"2018-03-09T13:24:21","guid":{"rendered":"http:\/\/www.ffw-heubach.de\/?page_id=1724"},"modified":"2026-02-01T13:52:12","modified_gmt":"2026-02-01T12:52:12","slug":"kindergruppe","status":"publish","type":"page","link":"https:\/\/www.ffw-heubach.de\/?page_id=1724","title":{"rendered":"Kindergruppe"},"content":{"rendered":"<p><span style=\"color: #808080;\">Die Gemeinden B\u00f6bingen, M\u00f6gglingen und Heubach gr\u00fcndeten im Jahr 2016 eine gemeinsame Kindergruppe, die den Jugendfeuerwehren der jeweiligen Gemeinden zugeordnet sind. Seit 2022 f\u00fchren die Feuerwehren aus M\u00f6gglingen und Heubach, nach dem Austritt der B\u00f6binger Wehr, die Gruppe fort.\u00a0<\/span><\/p>\n<p><span style=\"color: #808080;\">Zur Kindergruppe sind alle Kinder ab 6 Jahren ganz herzlich eingeladen die in M\u00f6gglingen oder Heubach wohnen. Wir spielen viel und lernen dabei, was Feuerwehrleute so alles zu tun haben. Au\u00dferdem unternehmen wir auch Ausfl\u00fcge und machen an hei\u00dfen Tagen Wasserspiele.<\/span><\/p>\n<p><span style=\"color: #808080;\">Die Gruppe wird von speziell ausgebildeten Betreuern der Feuerwehr geleitet. Wir treffen uns einmal im Monat immer Samstags f\u00fcr 2 Stunden.<\/span><\/p>\n\n\t\t<style type=\"text\/css\">\n\t\t\t#gallery-1 {\n\t\t\t\tmargin: auto;\n\t\t\t}\n\t\t\t#gallery-1 .gallery-item {\n\t\t\t\tfloat: left;\n\t\t\t\tmargin-top: 10px;\n\t\t\t\ttext-align: center;\n\t\t\t\twidth: 50%;\n\t\t\t}\n\t\t\t#gallery-1 img {\n\t\t\t\tborder: 2px solid #cfcfcf;\n\t\t\t}\n\t\t\t#gallery-1 .gallery-caption {\n\t\t\t\tmargin-left: 0;\n\t\t\t}\n\t\t\t\/* see gallery_shortcode() in wp-includes\/media.php *\/\n\t\t<\/style>\n\t\t<div id='gallery-1' class='gallery galleryid-1724 gallery-columns-2 gallery-size-thumbnail'><dl class='gallery-item'>\n\t\t\t<dt class='gallery-icon portrait'>\n\t\t\t\t<img loading=\"lazy\" decoding=\"async\" width=\"150\" height=\"150\" src=\"https:\/\/www.ffw-heubach.de\/wp-content\/uploads\/2018\/03\/m\u00f6gglingen-150x150.png\" class=\"attachment-thumbnail size-thumbnail\" alt=\"\" \/>\n\t\t\t<\/dt><\/dl><dl class='gallery-item'>\n\t\t\t<dt class='gallery-icon portrait'>\n\t\t\t\t<img loading=\"lazy\" decoding=\"async\" width=\"150\" height=\"150\" src=\"https:\/\/www.ffw-heubach.de\/wp-content\/uploads\/2018\/03\/heubach-150x150.jpg\" class=\"attachment-thumbnail size-thumbnail\" alt=\"\" srcset=\"https:\/\/www.ffw-heubach.de\/wp-content\/uploads\/2018\/03\/heubach-150x150.jpg 150w, https:\/\/www.ffw-heubach.de\/wp-content\/uploads\/2018\/03\/heubach-298x300.jpg 298w, https:\/\/www.ffw-heubach.de\/wp-content\/uploads\/2018\/03\/heubach.jpg 704w\" sizes=\"auto, (max-width: 150px) 100vw, 150px\" \/>\n\t\t\t<\/dt><\/dl><br style=\"clear: both\" \/>\n\t\t<\/div>\n\n<p><span style=\"color: #808080;\"><img loading=\"lazy\" decoding=\"async\" class=\"aligncenter wp-image-3298\" src=\"https:\/\/www.ffw-heubach.de\/wp-content\/uploads\/2019\/12\/ffw3.jpg\" alt=\"\" width=\"730\" height=\"225\" srcset=\"https:\/\/www.ffw-heubach.de\/wp-content\/uploads\/2019\/12\/ffw3.jpg 802w, https:\/\/www.ffw-heubach.de\/wp-content\/uploads\/2019\/12\/ffw3-768x237.jpg 768w\" sizes=\"auto, (max-width: 730px) 100vw, 730px\" \/><\/span><\/p>\n<hr \/>\n<p><span style=\"color: #000000;\"><strong>KONTAKT<\/strong><\/span><\/p>\n<p><span style=\"color: #808080;\">F\u00fcr allgemeine Anfragen \u00fcber die Kinderfeuerwehr mit Bezug zur Heubacher Feuerwehr steht unser Kinderleiter-Team via Mail an <a href=\"mailto:kifeu-heumoe@web.de\">kifeu-heumoe@web.de<\/a>\u00a0mit Rat und Tat zur Seite.<\/span><\/p>\n<p><span style=\"color: #808080;\"> Bitte beachten Sie: Bringen Sie Ihr Kind zum angegeben Ort, sofern nichts anderes bekannt gegeben wurde. (Ggf. k\u00f6nnen Sie Fahrgemeinschaften bilden.) Die weitere Planung entnehmen Sie dem darauffolgenden Dienstplan. Achten Sie auf wetterangepasste Kleidung und festes Schuhwerk. Wir machen zwischendurch eine kleine Trinkpause. Die Getr\u00e4nke hierf\u00fcr m\u00fcssen selbst mitgebracht werden (bitte keine Glasflaschen).<\/span><\/p>\n<p><span style=\"color: #808080;\">Wenn Ihr Kind nicht am Termin teilnehmen kann, w\u00fcrden wir uns freuen, wenn Sie Ihr Kind bei uns rechtzeitig via Mail abmelden w\u00fcrden.\u00a0<\/span><\/p>\n<hr \/>\n<p><span style=\"color: #000000;\"><strong>DIENSTPLAN<\/strong><\/span><\/p>\n<table width=\"840\">\n<tbody>\n<tr>\n<td>\n<p>Samstag, 14. Februar 2026<\/p>\n<\/td>\n<td>\n<p>10 Uhr bis 12 Uhr<\/p>\n<\/td>\n<\/tr>\n<tr>\n<td>\n<p>Samstag, 14. M\u00e4rz 2026<\/p>\n<\/td>\n<td>\n<p>10 Uhr bis 12 Uhr<\/p>\n<\/td>\n<\/tr>\n<tr>\n<td>\n<p>Samstag, 11. April 2026<\/p>\n<\/td>\n<td>\n<p>10 Uhr bis 12 Uhr<\/p>\n<\/td>\n<\/tr>\n<tr>\n<td>\n<p>Samstag, 09. Mai 2026<\/p>\n<\/td>\n<td>\n<p>10 Uhr bis 12 Uhr<\/p>\n<\/td>\n<\/tr>\n<tr>\n<td>\n<p>Samstag, 13. Juni 2026<\/p>\n<\/td>\n<td>\n<p>10 Uhr bis 12 Uhr<\/p>\n<\/td>\n<\/tr>\n<tr>\n<td>\n<p>Samstag, 18. Juli 2025<\/p>\n<\/td>\n<td>\n<p>10 Uhr bis 13 Uhr<\/p>\n<\/td>\n<\/tr>\n<tr>\n<td>\u00a0<\/td>\n<td>\u00a0<\/td>\n<\/tr>\n<tr>\n<td>\u00a0<\/td>\n<td>\u00a0<\/td>\n<\/tr>\n<\/tbody>\n<\/table>\n\n\n<hr class=\"wp-block-separator has-css-opacity\"\/>\n\n\n\n<p class=\"has-black-color has-text-color\"><strong>FAQ<\/strong><\/p>\n\n\n\n<p>Manche Fragen rund um die Kinderabteilung der Heubacher Feuerwehr begegnen uns immer wieder. Deshalb haben wir die <a href=\"https:\/\/www.ffw-heubach.de\/?page_id=3842\" data-type=\"page\" data-id=\"3842\">h\u00e4ufigsten Fragen \u00fcbersichtlich zusammen gestellt<\/a>.<\/p>\n","protected":false},"excerpt":{"rendered":"<p>Die Gemeinden B\u00f6bingen, M\u00f6gglingen und Heubach gr\u00fcndeten im Jahr 2016 eine gemeinsame Kindergruppe, die den Jugendfeuerwehren der jeweiligen Gemeinden zugeordnet sind. Seit 2022 f\u00fchren die Feuerwehren aus M\u00f6gglingen und Heubach, nach dem Austritt der B\u00f6binger Wehr, die Gruppe fort.\u00a0 Zur Kindergruppe sind alle Kinder ab 6 Jahren ganz herzlich eingeladen die in M\u00f6gglingen oder Heubach [&hellip;]<\/p>\n","protected":false},"author":1,"featured_media":0,"parent":0,"menu_order":0,"comment_status":"closed","ping_status":"closed","template":"","meta":{"jetpack_post_was_ever_published":false,"footnotes":""},"class_list":["post-1724","page","type-page","status-publish","hentry"],"jetpack_sharing_enabled":true,"jetpack_shortlink":"https:\/\/wp.me\/P9MGZH-rO","_links":{"self":[{"href":"https:\/\/www.ffw-heubach.de\/index.php?rest_route=\/wp\/v2\/pages\/1724","targetHints":{"allow":["GET"]}}],"collection":[{"href":"https:\/\/www.ffw-heubach.de\/index.php?rest_route=\/wp\/v2\/pages"}],"about":[{"href":"https:\/\/www.ffw-heubach.de\/index.php?rest_route=\/wp\/v2\/types\/page"}],"author":[{"embeddable":true,"href":"https:\/\/www.ffw-heubach.de\/index.php?rest_route=\/wp\/v2\/users\/1"}],"replies":[{"embeddable":true,"href":"https:\/\/www.ffw-heubach.de\/index.php?rest_route=%2Fwp%2Fv2%2Fcomments&post=1724"}],"version-history":[{"count":31,"href":"https:\/\/www.ffw-heubach.de\/index.php?rest_route=\/wp\/v2\/pages\/1724\/revisions"}],"predecessor-version":[{"id":7071,"href":"https:\/\/www.ffw-heubach.de\/index.php?rest_route=\/wp\/v2\/pages\/1724\/revisions\/7071"}],"wp:attachment":[{"href":"https:\/\/www.ffw-heubach.de\/index.php?rest_route=%2Fwp%2Fv2%2Fmedia&parent=1724"}],"curies":[{"name":"wp","href":"https:\/\/api.w.org\/{rel}","templated":true}]}}