{"id":1553,"date":"2018-02-05T15:29:33","date_gmt":"2018-02-05T15:29:33","guid":{"rendered":"http:\/\/www.ffw-heubach.de\/?page_id=1553"},"modified":"2021-04-25T17:00:51","modified_gmt":"2021-04-25T15:00:51","slug":"alarmstichwoerter","status":"publish","type":"page","link":"https:\/\/www.ffw-heubach.de\/?page_id=1553","title":{"rendered":"Alarmstichw\u00f6rter"},"content":{"rendered":"<p><strong>Alarmstichw\u00f6rter<\/strong><\/p>\n<p>Alarmstichw\u00f6rter sind Einsatzbegriffe, welche die Art der Eins\u00e4tze kurz definieren. Der Anfangsbuchstabe des Alarmstichwortes legt die Kategorie des Einsatzes fest. Es gibt mehrere Kategorien. Die darauf folgende Zahl gibt an, welches Ausma\u00df der Einsatz hat. So steht beispielsweise BR 2 f\u00fcr einen Kleinbrand und BR 5 f\u00fcr einen Brand im Geb\u00e4ude.<\/p>\n<p>Auszug aus unseren Einsatzstichworten:<\/p>\n\n\n<figure class=\"wp-block-table\"><table><tbody><tr><td><strong>Einsatz Stichwort<\/strong><\/td><td><strong>Bezeichnung<\/strong><\/td><td><strong>Lage<\/strong><\/td><td><strong>Szenario<\/strong><\/td><\/tr><tr><td>ERK<\/td><td>Erkundung<\/td><td>Erkundung<\/td><td>Erkundung (ZvD)<\/td><\/tr><tr><td>BR 1<\/td><td>Brand 1<\/td><td>Gel\u00f6schtes Feuer<\/td><td>Brandnachschau<\/td><\/tr><tr><td>BR 2<\/td><td>Brand 2<\/td><td>Kleinbrand<\/td><td>Baum<br>Brandnachschau<br>Container<br>Fl\u00e4che<br>Gel\u00f6schtes Feuer<br>Hecke<br>Heuballen<br>KFZ (ohne LKW)<br>M\u00fcll<br>PKW<br>Reisig<br>Strohballen<br>Unbekannte Lage<br>Wald (klein)<br>Wiese<\/td><\/tr><tr><td>BR 3<\/td><td>Brand 3<\/td><td>Kaminbrand, BMA 1<\/td><td>Kaminbrand<br>baurechtlich nicht geforderte BMA<br>interne BMA (Privat, Industrie)<\/td><\/tr><tr><td>BR 4<\/td><td>Brand 4<\/td><td>Brand au\u00dferhalb Geb\u00e4ude \/ Ortschaft<\/td><td>Elektrische Anlage<br>Flugzeug \u2013 max. 8 Sitzpl\u00e4tze<br>Gartenhaus<br>Gasflasche<br>H\u00fctte freistehend<br>Landwirtschaftliche Maschine<br>LKW ohne Gefahrgut<br>Mehrere KFZ<br>Omnibus<br>Scheune<br>Schienenfahrzeug<br>Wald<br>Wohnmobil<br>Wohnwagen<\/td><\/tr><tr><td>BR 5<\/td><td>Brand 5<\/td><td>Brand im Geb\u00e4ude, BMA 2<\/td><td>Brandmeldeanlage<br>Garage<br>Geb\u00e4ude<br>Hobbyraum<br>Keller<br>Kleinwerkstatt<br>K\u00fcche<br>Wohnhaus (Einfamilienhaus)<br>Wohnung<br>Zimmer Rauchwarnmelder Privathaushalt<\/td><\/tr><tr><td>BR 6<\/td><td>Brand 6<\/td><td>Brand im Geb\u00e4ude \/ Sonderbau, BMA 3<\/td><td>Altenheim<br>Dachstuhl<br>Explosion<br>Gastst\u00e4tte<br>Gewerbe<br>Haus \u00fcber 12m H\u00f6he<br>Hotel<br>Kindergarten<br>Krankenhaus<br>Landwirtschaftliches Anwesen<br>Mehrfamilienhaus<br>Schule<br>Tiefgarage<br>Versammlungsst\u00e4tten<br>Werkhalle Brandmeldeanlage Gefahrstoffbetrieb Brandmeldeanlage Altenheim Brandmeldeanlage Krankenhaus<\/td><\/tr><tr><td>BR 2. Alarm<\/td><td>Brand 2.Alarm<\/td><td>Nachforderung \/ besondere Lage<\/td><td>Mehrere Personen in Gefahr Mehrere Anrufer Nachforderung<\/td><\/tr><tr><td>TH 1<\/td><td>Technische Hilfe 1<\/td><td>Kleineinsatz ohne Dringlichkeit<\/td><td>Ohne Eile \u00d6lspur Erkundung Erkundung Absicherung<\/td><\/tr><tr><td>TH 2<\/td><td>Technische Hilfe 2<\/td><td>Kleineinsatz<\/td><td>Baum auf Stra\u00dfe<br>Bergen von Leichen<br>Bergen von Sachwerten<br>Heizung defekt<br>Kleineinsatz<br>Sturmschaden<br>Unterst\u00fctzung Rettungsdienst (Einweisung RTH)<br>Unterst\u00fctzung Rettungsdienst (Tragehilfe)<br>Verkehrshindernis<br>Verkehrsunfall ohne Menschenrettung<br>Verlorene Ladung<br>Wasser auf Stra\u00dfe<br>Wasserschaden (Wohnung nicht verschlossen) Wasser im Keller Tierrettung<\/td><\/tr><tr><td>TH 3<\/td><td>Technische Hilfe 3<\/td><td>Person in H\u00f6he\/Tiefe<\/td><td>Kleinflugger\u00e4t in Baum<br>Person abgest\u00fcrzt<br>Person droht zu springen<br>Person in H\u00f6he<\/td><\/tr><tr><td>TH 4<\/td><td>Technische Hilfe 4<\/td><td>Technische Rettung &#8211; klein<\/td><td>Arbeitsunfall<br>Flugzeugabsturz \u2013 klein<br>Maschinenunfall<br>Person (max. 2) eingeklemmt<br>Person (max. 2) im Wasser<br>Person (max. 2) versch\u00fcttet<br>Verkehrsunfall mit Menschenrettung (ohne LKW)<\/td><\/tr><tr><td>TH 5<\/td><td>Technische Hilfe 5<\/td><td>Technische Rettung \u2013 mittel<\/td><td>Person (2 bis 5) eingeklemmt<br>Person (2 bis 5) im Wasser<br>Person (2 bis 5) versch\u00fcttet<br>Verkehrsunfall mit Menschenrettung (mit Kleinbus \/ LKW)<\/td><\/tr><tr><td>TH 6<\/td><td>Technische Hilfe 6<\/td><td>Technische Rettung &#8211; gro\u00df<\/td><td>Bauunfall<br>Br\u00fcckeneinsturz<br>Einsturz<br>Geb\u00e4udeeinsturz<br>Hochbauunfall<br>Person im Silo<br>Tiefbauunfall Person (mehr als 5) eingeklemmt<\/td><\/tr><tr><td>TH 2. Alarm<\/td><td>Technische Hilfe 2. Alarm<\/td><td>Nachforderung \/ besondere Lage<\/td><td>Mehrere Personen in Gefahr <br>Mehrere Anrufer<br>Nachforderung <br>Eisenbahnunfall<br>Flugzeugabsturz \u2013 gro\u00df<br>Verkehrsunfall mit Menschenrettung (Reisebus)<\/td><\/tr><tr><td>GG 1<\/td><td>Gefahrgut 1<\/td><td>\u00d6lspur<\/td><td>\u00d6lspur beseitigen<\/td><\/tr><tr><td>GG 2<\/td><td>Gefahrgut 2<\/td><td>\u00d6lunfall<\/td><td>Heiz\u00f6ltank undicht<br>Auslaufender Kraftstoff (bis 70 Liter)<\/td><\/tr><tr><td>GG 3<\/td><td>Gefahrgut 3<\/td><td>\u00d6lunfall auf Gew\u00e4sser<\/td><td>\u00d6lunfall auf Gew\u00e4sser<\/td><\/tr><tr><td>GG 4<\/td><td>Gefahrgut 4<\/td><td>Gasgeruch \/ Gasausstr\u00f6mung<\/td><td>Gasgeruch<br>Gasausstr\u00f6mung<br>Undichte Gasflasche<\/td><\/tr><tr><td>GG 5<\/td><td>Gefahrgut 5<\/td><td>Gefahrguteinsatz \u2013 klein<\/td><td>Auslaufender Kraftstoff (\u00fcber 70 Liter)<br>Verladeunfall (bis 200 Liter)<br>Laborunfall<br>Gefahrgutunfall in Apotheke<\/td><\/tr><tr><td>GG 6<\/td><td>Gefahrgut 6<\/td><td>Gefahrguteinsatz \u2013 gro\u00df<\/td><td>Gastank (Unfall)<br>Gefahrgutlager (Unfall)<br>LKW mit Gefahrgut (Unfall)<br>Radioaktive Stoffe (Unfall)<br>Tankstelle (Unfall)<br>Tankwagen (Unfall)<br>Transportunfall mit Gefahrstoffen<\/td><\/tr><tr><td>SE 1<\/td><td>Sonstiger Einsatz 1<\/td><td>Drehleitereinsatz<\/td><td>Drehleiter<br>Absturzgef\u00e4hrdete Teile<br>Baum auf Haus<br>Baum auf Stromleitung<br>Drehleitereinsatz<br>Rettungskorbeinsatz<br>Tiere in H\u00f6hen<\/td><\/tr><tr><td>SE 2<\/td><td>Sonstiger Einsatz 2<\/td><td>T\u00fcre \u00f6ffnen<\/td><td>Person in Notlage<br>Hilflose Person in Wohnung<br>Person in Aufzug<br>T\u00fcre \u00f6ffnen <br>Amtshilfe<\/td><\/tr><tr><td>Eigentumssicherung<\/td><td>Eigentumssicherung<\/td><td>T\u00fcre\/Fenster verschlie\u00dfen<\/td><td>Schaufenster verschalen <br>Eigentum sichern<\/td><\/tr><\/tbody><\/table><\/figure>\n","protected":false},"excerpt":{"rendered":"<p>Alarmstichw\u00f6rter Alarmstichw\u00f6rter sind Einsatzbegriffe, welche die Art der Eins\u00e4tze kurz definieren. Der Anfangsbuchstabe des Alarmstichwortes legt die Kategorie des Einsatzes fest. Es gibt mehrere Kategorien. Die darauf folgende Zahl gibt an, welches Ausma\u00df der Einsatz hat. So steht beispielsweise BR 2 f\u00fcr einen Kleinbrand und BR 5 f\u00fcr einen Brand im Geb\u00e4ude. Auszug aus unseren [&hellip;]<\/p>\n","protected":false},"author":1,"featured_media":0,"parent":0,"menu_order":0,"comment_status":"closed","ping_status":"closed","template":"","meta":{"jetpack_post_was_ever_published":false,"footnotes":""},"class_list":["post-1553","page","type-page","status-publish","hentry"],"jetpack_sharing_enabled":true,"jetpack_shortlink":"https:\/\/wp.me\/P9MGZH-p3","_links":{"self":[{"href":"https:\/\/www.ffw-heubach.de\/index.php?rest_route=\/wp\/v2\/pages\/1553","targetHints":{"allow":["GET"]}}],"collection":[{"href":"https:\/\/www.ffw-heubach.de\/index.php?rest_route=\/wp\/v2\/pages"}],"about":[{"href":"https:\/\/www.ffw-heubach.de\/index.php?rest_route=\/wp\/v2\/types\/page"}],"author":[{"embeddable":true,"href":"https:\/\/www.ffw-heubach.de\/index.php?rest_route=\/wp\/v2\/users\/1"}],"replies":[{"embeddable":true,"href":"https:\/\/www.ffw-heubach.de\/index.php?rest_route=%2Fwp%2Fv2%2Fcomments&post=1553"}],"version-history":[{"count":10,"href":"https:\/\/www.ffw-heubach.de\/index.php?rest_route=\/wp\/v2\/pages\/1553\/revisions"}],"predecessor-version":[{"id":4477,"href":"https:\/\/www.ffw-heubach.de\/index.php?rest_route=\/wp\/v2\/pages\/1553\/revisions\/4477"}],"wp:attachment":[{"href":"https:\/\/www.ffw-heubach.de\/index.php?rest_route=%2Fwp%2Fv2%2Fmedia&parent=1553"}],"curies":[{"name":"wp","href":"https:\/\/api.w.org\/{rel}","templated":true}]}}