{"id":1289,"date":"2017-12-06T17:52:36","date_gmt":"2017-12-06T17:52:36","guid":{"rendered":"http:\/\/web.feuerwehr-heubach.de\/?page_id=1289"},"modified":"2023-03-29T10:10:26","modified_gmt":"2023-03-29T08:10:26","slug":"abteilung-stadt","status":"publish","type":"page","link":"https:\/\/www.ffw-heubach.de\/?page_id=1289","title":{"rendered":"Abteilung Heubach"},"content":{"rendered":"<p class=\"text-bold\">Die Abteilung Heubach leistet einen ma\u00dfgebenden Beitrag an der Sicherheit der B\u00fcrger in unserer Stadt. Mit dem zentral in der B\u00f6binger Stra\u00dfe gelegenen Ger\u00e4tehaus ist eine schnelle Hilfe garantiert. Die im Jahre 1912 von Johannes Bauer gegr\u00fcndete Wehr stellt mit 7 Fahrzeugen und rund 40 Mitgliedern rund um die Uhr ausreichend Personal zur Verf\u00fcgung um die Sicherheit der B\u00fcrgerinnen und B\u00fcrger in der Region zu gew\u00e4hrleisten. \u00a0Seit 2021 ist Stephan Kuhn Abteilungskommandant und R\u00fcdiger M\u00e4ding sein Stellvertreter.<\/p>\n<p>Das Einsatzgebiet mit den verschiedensten Gefahrenschwerpunkten umfasst die komplette Stadt mit Seniorenheimen, Schulzentren, Hochh\u00e4usern, Industriebetrieben, gro\u00dfen Waldgebieten sowie einem Verkehrslandeplatz. Die Feuerwehren der Verwaltungsgemeinschaft Rosenstein (Heubach, Lautern, B\u00f6bingen, M\u00f6gglingen, Bartholom\u00e4 &amp; Heuchlingen) werden bei Brandeins\u00e4tzen, Technischen Hilfeleistungen oder Gefahrguteins\u00e4tzen von der Abteilung Heubach je nach Alarmstichwort entsprechend unterst\u00fctzt. Durch die in Heubach stationierten Sonderfahrzeuge wie der Einsatzleitwagen 1, des Tankl\u00f6schfahrzeuges 4000 und der Drehleiter 23\/12 sowie der Spezialisierung auf das Thema schwere technische Hilfeleistung \/ Unfallrettung ist die Einsatzabteilung Heubach immer wieder auch zur \u00dcberlandhilfe in der Region gefordert.<\/p>\n<p><span style=\"color: #ff0000;\"><strong>EINSATZ- UND GEFAHRENSCHWERPUNKTE DER ABTEILUNG HEUBACH:<\/strong><\/span><\/p>\n<ul>\n<li>Flugplatz<\/li>\n<li>mehrere Altenwohn- und Pflegeheime<\/li>\n<li>mehrere Schulen<\/li>\n<li>Industriebetriebe<\/li>\n<li>gro\u00dfe Waldgebiete<\/li>\n<li>Landesstra\u00dfen<\/li>\n<\/ul>\n<p><span style=\"color: #ff0000;\"><strong>KONTAKTDATEN<\/strong><\/span><\/p>\n<p><strong>Feuerwehr Abteilung Heubach<\/strong><br \/>\nB\u00f6bingerstra\u00dfe 17<br \/>\n73540 Heubach<br \/>\nTel:\u00a007173 4477<br \/>\nE-Mail: <a href=\"mailto:info@feuerwehr-heubach.de\">info@feuerwehr-heubach.de<\/a><\/p>\n<p><span style=\"color: #ff0000;\"><b>ABTEILUNGSKOMMANDANT<\/b><\/span><\/p>\n<p><strong>Herr Stephan Kuhn<\/strong><br \/>\nE-Mail: <a href=\"mailto:stephan.kuhn@feuerwehr-heubach.de\">stephan.kuhn@feuerwehr-heubach.de<\/a><\/p>\n<div id=\"attachment_1324\" style=\"width: 1034px\" class=\"wp-caption alignleft\"><img loading=\"lazy\" decoding=\"async\" aria-describedby=\"caption-attachment-1324\" class=\"wp-image-1324 size-large\" src=\"http:\/\/web.feuerwehr-heubach.de\/wp-content\/uploads\/2017\/12\/DSC_6088-1024x683.jpg\" alt=\"\" width=\"1024\" height=\"683\" srcset=\"https:\/\/www.ffw-heubach.de\/wp-content\/uploads\/2017\/12\/DSC_6088-1024x683.jpg 1024w, https:\/\/www.ffw-heubach.de\/wp-content\/uploads\/2017\/12\/DSC_6088-300x200.jpg 300w, https:\/\/www.ffw-heubach.de\/wp-content\/uploads\/2017\/12\/DSC_6088-768x512.jpg 768w\" sizes=\"auto, (max-width: 1024px) 100vw, 1024px\" \/><p id=\"caption-attachment-1324\" class=\"wp-caption-text\">Gruppenfoto Abteilung Heubach. Bild: Marius Bulling<\/p><\/div>\n<div id=\"attachment_6115\" style=\"width: 1631px\" class=\"wp-caption aligncenter\"><img loading=\"lazy\" decoding=\"async\" aria-describedby=\"caption-attachment-6115\" class=\"wp-image-6115 size-large\" src=\"https:\/\/www.ffw-heubach.de\/wp-content\/uploads\/2023\/03\/Abt.Heubach-1-1621x1080.jpg\" alt=\"\" width=\"1621\" height=\"1080\" \/><p id=\"caption-attachment-6115\" class=\"wp-caption-text\">Die Abteilungsf\u00fchrung Heubach: Hauptbrandmeister Stephan Kuhn und Brandmeister R\u00fcdiger M\u00e4ding (Stellvertreter).<\/p><\/div>\n","protected":false},"excerpt":{"rendered":"<p>Die Abteilung Heubach leistet einen ma\u00dfgebenden Beitrag an der Sicherheit der B\u00fcrger in unserer Stadt. Mit dem zentral in der B\u00f6binger Stra\u00dfe gelegenen Ger\u00e4tehaus ist eine schnelle Hilfe garantiert. Die im Jahre 1912 von Johannes Bauer gegr\u00fcndete Wehr stellt mit 7 Fahrzeugen und rund 40 Mitgliedern rund um die Uhr ausreichend Personal zur Verf\u00fcgung um [&hellip;]<\/p>\n","protected":false},"author":1,"featured_media":0,"parent":0,"menu_order":0,"comment_status":"closed","ping_status":"closed","template":"","meta":{"jetpack_post_was_ever_published":false,"footnotes":""},"class_list":["post-1289","page","type-page","status-publish","hentry"],"jetpack_sharing_enabled":true,"jetpack_shortlink":"https:\/\/wp.me\/P9MGZH-kN","_links":{"self":[{"href":"https:\/\/www.ffw-heubach.de\/index.php?rest_route=\/wp\/v2\/pages\/1289","targetHints":{"allow":["GET"]}}],"collection":[{"href":"https:\/\/www.ffw-heubach.de\/index.php?rest_route=\/wp\/v2\/pages"}],"about":[{"href":"https:\/\/www.ffw-heubach.de\/index.php?rest_route=\/wp\/v2\/types\/page"}],"author":[{"embeddable":true,"href":"https:\/\/www.ffw-heubach.de\/index.php?rest_route=\/wp\/v2\/users\/1"}],"replies":[{"embeddable":true,"href":"https:\/\/www.ffw-heubach.de\/index.php?rest_route=%2Fwp%2Fv2%2Fcomments&post=1289"}],"version-history":[{"count":25,"href":"https:\/\/www.ffw-heubach.de\/index.php?rest_route=\/wp\/v2\/pages\/1289\/revisions"}],"predecessor-version":[{"id":6117,"href":"https:\/\/www.ffw-heubach.de\/index.php?rest_route=\/wp\/v2\/pages\/1289\/revisions\/6117"}],"wp:attachment":[{"href":"https:\/\/www.ffw-heubach.de\/index.php?rest_route=%2Fwp%2Fv2%2Fmedia&parent=1289"}],"curies":[{"name":"wp","href":"https:\/\/api.w.org\/{rel}","templated":true}]}}